37 prime?
False
Is 8297363567 a prime number?
False
Is 24707836589 composite?
True
Is 2147272147 composite?
True
Is 459687523 a prime number?
True
Is 2878963 a composite number?
True
Is 56144192653 a prime number?
True
Is 346193731381 prime?
True
Is 10159187 a composite number?
False
Is 631540157 composite?
True
Is 11590314535 prime?
False
Is 4378199743 a prime number?
True
Is 458709173 a prime number?
False
Is 3558133643 prime?
False
Is 53996874199 a prime number?
False
Is 188995175123 prime?
True
Is 69579569 prime?
True
Is 1341778691 a composite number?
True
Is 3008870569 composite?
True
Is 7240197313 composite?
False
Is 7810296647 a composite number?
False
Is 3306651637 a prime number?
False
Is 171721453 prime?
False
Is 115729856435 prime?
False
Is 5786373287 prime?
True
Is 51284267117 composite?
False
Is 12375981941 prime?
True
Is 16535866719 a composite number?
True
Is 10752617069 a prime number?
False
Is 578811367 composite?
False
Is 24519664049 prime?
True
Is 52907413 a composite number?
True
Is 47263351777 prime?
True
Is 8883519181 prime?
False
Is 2514570073 composite?
False
Is 1212191707 a prime number?
True
Is 2824794523 a prime number?
True
Is 7235025131 prime?
True
Is 52669581973 a prime number?
True
Is 28700024489 a prime number?
True
Is 17226645873 a prime number?
False
Is 3460187833 a composite number?
False
Is 81505561927 a prime number?
True
Is 41531249399 prime?
False
Is 241829821 a composite number?
True
Is 3869679257 a prime number?
True
Is 20056589549 a prime number?
False
Is 255840781 prime?
False
Is 63157262305 prime?
False
Is 1350979979 prime?
True
Is 12934147847 composite?
False
Is 1246099187 composite?
False
Is 33333051313 a composite number?
True
Is 2687221343 prime?
False
Is 2277132499 prime?
True
Is 35246216443 prime?
True
Is 4218656467 composite?
True
Is 462249641 a composite number?
True
Is 2734120537 composite?
True
Is 9771173537 a prime number?
False
Is 261773133 a prime number?
False
Is 55205107387 prime?
True
Is 1106691767 prime?
False
Is 7195444067 prime?
False
Is 134671661 a prime number?
False
Is 6566705329 a prime number?
False
Is 73390297121 a composite number?
False
Is 3973820027 a composite number?
False
Is 2214528347 a composite number?
False
Is 1907410537 composite?
True
Is 1056354317 prime?
False
Is 16504768957 prime?
False
Is 113337269377 a prime number?
True
Is 414020643 prime?
False
Is 16333770857 composite?
False
Is 6353041909 a composite number?
False
Is 1856813549 composite?
True
Is 8500922203 composite?
True
Is 12929757839 prime?
False
Is 28709487689 a prime number?
False
Is 3655918411 composite?
False
Is 6340393937 prime?
False
Is 6915175567 a prime number?
True
Is 18078522841 a composite number?
False
Is 12471962999 a composite number?
False
Is 11324884031 a prime number?
True
Is 55645450691 prime?
False
Is 555122083 composite?
True
Is 289892947 prime?
True
Is 27161751 composite?
True
Is 499179601 composite?
False
Is 505852813 composite?
False
Is 3397922863 prime?
True
Is 212302603 a composite number?
True
Is 14221080395 prime?
False
Is 1449641197 a prime number?
True
Is 216368501 a prime number?
True
Is 42743352439 a composite number?
True
Is 16261265921 prime?
False
Is 3847907729 a prime number?
True
Is 68411603191 prime?
True
Is 559654391 composite?
False
Is 1582651937 a prime number?
False
Is 14263528691 a prime number?
False
Is 3960340973 composite?
False
Is 1932192269 a composite number?
True
Is 16778178493 a prime number?
True
Is 41633231 a composite number?
False
Is 1860821239 a prime number?
False
Is 3369415927 a prime number?
True
Is 1937363 a composite number?
False
Is 161131733 a composite number?
True
Is 1131153341 a composite number?
False
Is 20153249929 a composite number?
False
Is 31456843169 composite?
False
Is 23516757823 composite?
True
Is 231950611 a prime number?
False
Is 19368713303 prime?
False
Is 514696309 prime?
False
Is 38574119491 composite?
True
Is 78290602997 prime?
True
Is 9094093423 a composite number?
False
Is 11197343719 a composite number?
False
Is 195269717771 a composite number?
False
Is 11521379599 a prime number?
False
Is 259173913 a prime number?
False
Is 1757266241 composite?
True
Is 21978749977 prime?
True
Is 282835367 a prime number?
True
Is 7290592249 a prime number?
True
Is 56819699 prime?
True
Is 1977919411 composite?
True
Is 3459157589 composite?
False
Is 7015124909 composite?
True
Is 24620137 composite?
False
Is 17215683269 composite?
True
Is 252679657 composite?
False
Is 25237838533 composite?
True
Is 233420129 prime?
True
Is 10057724891 a composite number?
False
Is 1236254189 a prime number?
False
Is 1635998443 prime?
True
Is 5069057186 composite?
True
Is 6411785351 prime?
True
Is 22208503 a composite number?
False
Is 6129071467 a prime number?
True
Is 4533648139 a prime number?
True
Is 136697987 a composite number?
False
Is 585906463 prime?
False
Is 511819127 a composite number?
False
Is 30540082817 prime?
True
Is 3428670913 composite?
False
Is 1140032191 composite?
True
Is 2802254027 a composite number?
True
Is 945403573 a prime number?
False
Is 25075867 prime?
False
Is 68773541 a prime number?
True
Is 5008268471 a prime number?
True
Is 97274613379 a composite number?
True
Is 6148144397 a composite number?
False
Is 27736854869 prime?
False
Is 1791187297 prime?
False
Is 5155253479 a prime number?
False
Is 6293174113 a composite number?
False
Is 3446007221 prime?
False
Is 714948589 a composite number?
False
Is 4022935489 a prime number?
False
Is 135516671 a prime number?
False
Is 1767791417 a composite number?
True
Is 494111143 a prime number?
False
Is 6336087739 composite?
False
Is 2175967711 composite?
False
Is 672553573 a prime number?
True
Is 9161120491 prime?
True
Is 171842701 composite?
False
Is 21591703613 a composite number?
False
Is 15001850701 a composite number?
False
Is 5947265969 a prime number?
True
Is 122058624253 a composite number?
False
Is 398818853 composite?
True
Is 140871671 prime?
True
Is 101501177867 a composite number?
False
Is 49030048241 prime?
False
Is 3692326247 a prime number?
True
Is 625856831 a composite number?
True
Is 292102157 prime?
True
Is 483602849 a composite number?
False
Is 143981464519 a composite number?
True
Is 52486113151 composite?
True
Is 57302069 composite?
True
Is 27313172749 composite?
True
Is 1479042303 composite?
True
Is 2283241841 a prime number?
True
Is 343100647 prime?
False
Is 6103222145 a prime number?
False
Is 2110721833 a prime number?
False
Is 1452938843 a prime number?
False
Is 496532293 a composite number?
False
Is 221867717 composite?
True
Is 4663394621 a composite number?
False
Is 5579769431 a composite number?
True
Is 429342167 prime?
False
Is 2405870833 composite?
False
Is 1435180931 a prime number?
True
Is 2467384781 composite?
True
Is 29928074573 a prime number?
False
Is 109626019 prime?
False
Is 3448074991 a composite number?
True
Is 3068965283 a composite number?
False
Is 7551936019 a prime number?
True
Is 1064101307 prime?
True
Is 344975731 a composite number?
False
Is 6159528913 a composite number?
True
Is 457947803 a prime number?
False
Is 20613743263 a prime number?
True
Is 889229359 a composite number?
False
Is 36133349453 a prime number?
False
Is 23717523839 a composite number?
False
Is 39157403197 a prime number?
False
Is 15039419453 prime?
False
Is 3183972053 prime?
False
Is 243277519 composite?
True
Is 86815291 a composite number?
True
Is 9291858413 a prime number?
False
Is 74199477043 prime?
True
Is 37498377613 a prime number?
False
Is 18680003 composite?
False
Is 38416323289 prime?
False
Is 989515951 a composite number?
True
Is 9096470497 composite?
False
Is 21238106429 a composite number?
False
Is 1696829291 prime?
False
Is 13315177 prime?
True
Is 3872089289 prime?
True
Is 3073362815 composite?
True
Is 61838509 a prime number?
True
Is 44767629607 prime?
True
Is 12070849 a composite number?
True
Is 27809457779 composite?
True
Is 153650426289 a composite number?
True
Is 14983912271 composite?
False
Is 1895245577 composite?
True
Is 20665739 composite?
False
Is 77873562757 prime?
True
Is 26588927 composite?
False
Is 216331068307 a composite number?
True
Is 34575691 composite?
True
Is 1580332591 a composite number?
True
Is 697309597 prime?
False
Is 427584893 a pr